*2 - b + 5. Let j be l(0). Suppose t + 13 = -5*n, 4*t + 2 = -j*n + 10. Calculate q(t).
2
Let c(b) = 5*b**3 - 12*b**2 - 11*b + 30. Let x(f) = 4*f**3 - 11*f**2 - 10*f + 18. Let s(u) = -3*c(u) + 4*x(u). Calculate s(9).
0
Let g(f) = f - 2. Suppose -20*r - 47 = 73. Let l(u) = 2*u - 9. Let x(b) = r*g(b) + 2*l(b). What is x(-6)?
6
Let b(p) = p**2 + 12*p - 13. Let u(l) = -l**3 + 150*l + 63. Let m be u(-12). Calculate b(m).
-40
Suppose 2*d + 3*h = -416, -h + 2*h - 646 = 3*d. Let z = 216 + d. Let c(l) = -2*l**3 + 3*l**2 - 3*l. What is c(z)?
-10
Let t(g) = 2*g + 12. Let y be (-2)/4 + 4930/68. Let u = y - 80. What is t(u)?
-4
Let u(z) = -3*z**3 - 92*z**2 + 39*z + 251. Let d be u(-31). Let y(a) be the third derivative of 4*a**2 + 1/6*a**d + 0 + 1/12*a**4 + 0*a. Give y(2).
5
Let g(m) = 3*m**2 - 1. Let r = -432 + 238. Let w = 196 + r. Determine g(w).
11
Let a(c) be the second derivative of c**5/20 + c**4/6 - c**3/2 + 6*c**2 + 374*c. Determine a(0).
12
Let b(w) be the first derivative of -w**5/60 - 11*w**4/24 - 5*w**3/3 - 61*w**2/2 - 67. Let q(p) be the second derivative of b(p). Determine q(-7).
18
Let z(v) = 10*v. Let q(f) = f**2 - 42*f. Let l(s) = 2*q(s) + 9*z(s). Let x(h) = h**3 - h**2 + h. Let o(g) = -l(g) + x(g). Let r = 6 - 2. Give o(r).
-4
Let c(q) = -q**3 - 3*q**2 + 1. Let r be c(-3). Let h be 1665/35 - (-4)/(-7). Let k(j) = 73 + j - h - 25. Calculate k(r).
2
Let t(p) = 45*p**2 - 3 - 2 - 29*p**2 - p**3 - 18*p**2 + 6*p + 6. Determine t(-5).
46
Suppose -4*f + 12 = -4. Let a(d) = -4 + 0 + f + d. Let l be (-2)/(-8)*(-232)/(-29). What is a(l)?
2
Let m(y) be the first derivative of -y**4/2 - 10*y**3/3 - 12*y + 5823. Give m(-5).
-12
Let v(s) = -s**3. Let b(t) = 7*t**3 - 5*t**2 + t + 1. Let j(q) = b(q) + 6*v(q). Suppose 2*m - 592 = 3*k - 7*k, -753 = -5*k + 4*m. Let f = k + -144. Give j(f).
6
Let m(d) = 17*d**3 + 5*d - 16*d**3 - 4 - d**2 - 19 - 5 + 4. Determine m(0).
-24
Let g(d) = 15*d + 2 + 11*d - 40*d + 0 + 10*d. Let v = -5 + 8. Suppose -4*t - 10 = u, -v*t - u - 4*u + 1 = 0. Determine g(t).
14
Let v = -22 + 16. Let q = -59 - -63. Let y(a) = 1. Let f(i) = -i + 1. Let d(l) = q*y(l) + f(l). What is d(v)?
11
Let y be (-114)/(-8) + 3/(-12). Suppose -14 = 5*x - w, 2*w = 8*x - 5*x + y. Let p(h) = 5*h. Determine p(x).
-10
Suppose 3*x + 33 = 54. Let g(s) = -6*s**2 - 7*s + 5*s**2 + 16*s - x*s. Determine g(4).
-8
Suppose 7*v = 493 + 487. Let z = v - 144. Let i(a) = -2*a + 2. Determine i(z).
10
Let p = 274 + -266. Suppose 0 = 4*w + 5*i + 7, 2*i = -w + 4*i + p. Let c(z) = -z. Calculate c(w).
-2
Let j(f) be the first derivative of -13*f**2/2 - 2*f + 8320. Determine j(-4).
50
Let v(l) be the first derivative of 13*l**3/3 - 2*l**2 - l - 1319. Calculate v(2).
43
Let n(g) = 4*g + 55. Let b be n(-14). Let v(m) = 8*m**2 - 2*m. Give v(b).
10
Let q(n) = n**3 + 4*n**2 - 58*n + 21. Let f(a) = -a**2 - 462*a + 1385. Let g be f(3). What is q(g)?
1
Let p be 3 - (-17)/((-867)/136). Let l(z) be the second derivative of 0 + 19*z - 1/2*z**2 - p*z**3. Calculate l(1).
-3
Let j(p) = p**3 + 14*p - 1 + 7 + 592849*p**2 - 592835*p**2 + 3*p. Calculate j(-13).
-46
Let c(s) = -7*s**2 - 112*s - 25. Let x(d) = 4*d**2 + 67*d + 14. Let r(o) = 3*c(o) + 5*x(o). What is r(-7)?
-47
Suppose -14*w - 73 - 22 - 3 = 0. Let m(i) = -i**2 - 6*i + 9. Give m(w).
2
Let r(d) = 9*d + 2. Let b be (35/(-15))/((-3)/9). Suppose b*v = -1 + 15. Give r(v).
20
Let i(k) = -42*k - 166. Let y be i(-4). Let h(o) = 2*o + 38*o**y + o - 8 - 37*o**2 + 3*o. Calculate h(-7).
-1
Let g be (-8 - -9)*(1 + 4/1). Let h(s) = -s**2 + 1. Determine h(g).
-24
Let a(r) = -81*r + 53. Let o be a(-4). Let l = -375 + o. Let b(x) = 2*x**2 - 2*x + 3. Determine b(l).
7
Let v(p) be the third derivative of -p**5/30 - 101*p**4/24 - 22*p**3/3 + p**2 + 672*p + 3. What is v(-50)?
6
Let b(t) be the first derivative of -t**6/120 - t**5/5 - 13*t**4/24 - 5*t**3/2 - 74*t**2 + 42. Let i(y) be the second derivative of b(y). Determine i(-11).
7
Let y(t) = t**3 - 1. Suppose -m - 3*s - 5 - 2 = 0, -2 = s. Let f(i) = -4*i**3 + 8*i**2 + 5*i + 11. Let v(w) = m*f(w) - 5*y(w). Give v(-7).
-20
Let k be -6*4/(-6)*(408/32)/(-17). Let y(d) = -d**2 - 8*d - 16. What is y(k)?
-1
Let z(c) be the second derivative of -c**5/20 + 5*c**4/6 + 11*c**3/6 + 2*c**2 - 95923*c. Let b be (22/6)/(1/3). What is z(b)?
4
Let d(r) = -3*r + 51. Let g be d(16). Let f(i) be the second derivative of i**5/10 - 5*i**4/12 + i**3/3 + i**2/2 - 737*i. Calculate f(g).
16
Suppose 19 = -4*y + 5*l - 2, 2*y = -5*l - 33. Let d(i) be the third derivative of -i**5/60 - 7*i**4/24 - 115*i**2. Determine d(y).
-18
Let g(t) be the first derivative of -t**4/4 - 3*t**3 - 2*t**2 - 21*t - 41. Let s be g(-9). Let z(i) = 19 - 8 + i**3 - s - 3*i**2 + 3*i. What is z(3)?
5
Let g(w) be the third derivative of 1/8*w**4 + 1/3*w**3 - 1/30*w**5 + 0*w + 1 - w**2. Determine g(-2).
-12
Suppose -4*z - 1 = 11. Let w(p) be the first derivative of p**7/840 + p**6/180 - p**4/6 + p**3/3 + 47. Let c(n) be the third derivative of w(n). Calculate c(z).
-13
Let p(s) = -4*s - 13. Let g(d) = -3*d - 19. Let k(w) = 2*g(w) - 3*p(w). Let i = -3 + 4. What is k(i)?
7
Suppose -b + 2*j = -2, 7*b + 5 = 6*b - 5*j. Let s(n) = 2*n**2 - n + 2. Let a be s(b). Let p(o) = -3*o + 4 + 4 - 5. Give p(a).
-3
Let w(r) = 13*r**3 + 3*r**2 - 54*r - 6. Let m be w(2). Let t(n) = -11*n**2 + 19*n - 5. Let g(x) = -7*x**2 + 13*x - 3. Let z(i) = -7*g(i) + 5*t(i). What is z(m)?
-20
Let w(u) = -u**3 + 4*u**2 + 6*u - 1. Let l = 109 + -105. Suppose l*n = j + 18 + 2, 0 = -2*n - 5*j + 10. Determine w(n).
4
Let d(u) = -37*u**3 + 2*u**2 - u. Let l be (-1912)/(-40) - 7 - (-1)/5. Suppose -l*f + 47 = 6*f. Determine d(f).
-36
Let p(d) = -11*d**2 - 6*d + 6. Suppose -31*f = -5*f - 86 + 8. What is p(f)?
-111
Let r(a) = -3*a - 6. Let y(u) = -10*u - 17. Let v(p) = 7*r(p) - 2*y(p). Let k = 220 + -154. Suppose k*b = 56*b - 70. Calculate v(b).
-1
Let i(g) = 4*g**2. Let f(o) = o**2 + o. Let x(v) = -5*f(v) + i(v). Let r(t) = 31 - 10*t - 2*t**2 - 31. Let n(d) = -2*r(d) + 5*x(d). Determine n(-5).
0
Suppose -5*g - 2 = 3*j, 3*g + 3*j - j = -2. Let h(p) = 4 + 838*p**2 - 832*p**g + p**3 + 15*p - 10*p. Give h(-3).
16
Suppose 21 = -2*t + 3*h - 6*h, -5*h + 31 = -4*t. Let k = t + 14. Let v(o) = 31*o + 37*o - 106*o - 3 + 40*o. Determine v(k).
7
Let n(l) = -3 - 3*l + 2 + 4*l. Let d = -11 + 11. Suppose -x = 5*w, d = -11*w + 8*w + 4*x. What is n(w)?
-1
Let q(j) be the third derivative of 5*j**4/4 - 2*j**3/3 + 97*j**2. Determine q(2).
56
Let y(d) be the second derivative of d**3/6 + 22*d. Let g(l) = 4*l**3 - 12*l**2 + 6*l - 6. Let q be g(3). Determine y(q).
12
Suppose 22 = -4*v + 30. Suppose 4*b + v = 2*l, 5*b + 2*l - 5 = 3*l. Suppose 3*d - b = -8. Let s(a) = -5*a**2 - 4*a - 2. Calculate s(d).
-14
Let i(m) = 28*m - 137. Let z = 19444 + -19439. Calculate i(z).
3
Let x(z) = 2*z + 17. Let h(a) = -a**2 + 18*a + 14. Let i be h(18). Let p be x(i). Let j = p + -38. Let v(o) = -o + 10. What is v(j)?
3
Let q(v) = -291*v**2 + 105*v**2 + 4 + 82*v**2 + 106*v**2 - 13*v - v. Determine q(10).
64
Let k be 99/(-51) - 27/459. Let c(u) be the third derivative of -11*u**4/24 - u**3/6 - 7*u**2 + 2*u. Give c(k).
21
Let l be 248/28 + 8/(-56) + 2/7. Let g(m) = 7*m - 53. Give g(l).
10
Let d(t) be the second derivative of t**5/20 - t**4/12 + t**3/3 + 45*t**2 + 258*t + 3. Calculate d(0).
90
Suppose -4*a = a - 25. Let c(k) = a*k - 11*k + 4*k. Let d = 445 + -448. Determine c(d).
6
Let n(b) = -9*b**2 - b + 1. Suppose -2*p + 8 = 2*i, i = 2*i - 2*p - 19. Let l(x) = -x**3 - 5*x**2 + 7*x - 2. Let g be l(-6). Let v = i + g. Determine n(v).
-9
Let o(n) be the second derivative of n**5/20 - n**3/6 + 8*n**2 + 28*n. Suppose 73*m - 83*m = 0. What is o(m)?
16
Let q(h) = -2*h - 633 + 308 + 313. Determine q(-3).
-6
Let b = 18 - 14. Let y(r) = 25*r**3 - 5*r - b - 24*r**3 - 2 + 3*r**2. Let o be ((-49)/(4459/78))/(3/14). Determine y(o).
-2
Let y be 8/(-32) - 3/(48/(-4)). Suppose y = 7*b + 59 - 45. Let n(r) = -r**3 - 2*r. Give n(b).
12
Let p(d) be the third derivative of -5*d**4/3 + 20*d**3 + 3*d**2 + 11*d + 9. Determine p(3).
0
Let d(h) be the third derivative of h**4/4 + 73*h**3/6 - 35*h**2 - 17. Determine d(-14).
-11
Let f(m) = m**3 + 4*m**2 - 7*m + 5. Suppose -77*b - 672 = 35*b. What is f(b)?
-25
Let p(g) = -9441*g**3 + 3 + 3*g - 16 + 14*g**2 + 8*g + 9442*